culate j(-30).
-38
Let p(z) = -3*z**2 + 15*z - 46. Give p(10).
-196
Let s(c) = -159*c - 6358. Determine s(-40).
2
Let p(u) = -u**2 + 6*u + 666. Give p(-23).
-1
Let n(s) = -4*s**2 + 9*s + 40. Determine n(-5).
-105
Let m(s) = s**2 - 41*s + 354. What is m(28)?
-10
Let w(v) = 41*v**2 + 57*v - 56. Give w(1).
42
Let c(y) = y**3 - 10*y**2 + 28*y - 4. Determine c(7).
45
Let r(s) = s**3 - 7*s**2 - 7*s - 7. Give r(7).
-56
Let w(q) = 105*q - 82. Calculate w(-1).
-187
Let g(c) = -57*c**2 + 215*c - 216. What is g(1)?
-58
Let s(j) = 142*j + 7815. What is s(-55)?
5
Let k(w) = -3*w**2 + 27*w - 72. Calculate k(7).
-30
Let p(x) = 8511*x - 68084. Determine p(8).
4
Let k(m) = m**2 - 11*m - 99. Determine k(19).
53
Let o(i) = 119*i + 19991. Give o(-168).
-1
Let q(x) = -x**3 + 4*x**2 - 8*x + 17. Calculate q(3).
2
Let c(w) = -10*w**2 - 296*w - 1540. What is c(-23)?
-22
Let p(u) = -6*u**3 - 4*u**2 - 284*u - 280. Determine p(-1).
6
Let i(n) = -3*n**2 + 265*n - 4891. Determine i(62).
7
Let x(m) = m**2 - 194*m + 2346. Give x(13).
-7
Let z(n) = 4*n**3 + n**2 + 8*n + 10. What is z(4)?
314
Let a(s) = -s**3 + 216*s**2 + 27*s + 2. Give a(0).
2
Let b(u) = -30*u**2 + 24*u - 45. Give b(2).
-117
Let j(i) = i**2 - 11*i - 116. Give j(-6).
-14
Let o(f) = -4*f**3 - 466*f**2 - 230*f + 247. Determine o(-116).
15
Let t(q) = -10*q - 220. Give t(3).
-250
Let z(d) = -d**3 + 61*d + 143. What is z(-6)?
-7
Let v(j) = j**3 - 24*j**2 + 134*j - 49. Determine v(8).
-1
Let i(n) = -3*n**2 + 97*n - 672. Calculate i(11).
32
Let m(s) = -s**3 - 2*s**2 - 2*s + 19. What is m(8)?
-637
Let f(x) = 267*x + 3221. Give f(-11).
284
Let t(k) = 42*k + 3531. What is t(-85)?
-39
Let v(d) = d**2 + 8*d - 416. What is v(-26)?
52
Let g(n) = -24468*n - 97857. Give g(-4).
15
Let h(w) = 10*w + 653. Give h(-65).
3
Let b(l) = 18*l + 115. Determine b(-6).
7
Let f(l) = -9*l**2 + 179*l + 15. Calculate f(20).
-5
Let l(g) = -324*g - 3859. What is l(-12)?
29
Let u(i) = -392*i - 1566. What is u(-4)?
2
Let z(o) = -o**3 - 13*o**2 + 18*o + 25. What is z(2)?
1
Let x(w) = w**3 + 21*w**2 + 47*w + 148. Give x(-19).
-23
Let v(j) = -17*j - 471. Calculate v(5).
-556
Let b(o) = -19*o**3 - 777*o**2 + 95*o + 528. What is b(-41)?
-5
Let t(a) = -11*a**2 - 315*a + 825. Determine t(-31).
19
Let r(j) = -j**3 + 60*j**2 + 251. Give r(60).
251
Let q(l) = 412*l + 2588. Determine q(-7).
-296
Let l(v) = 2195*v - 24138. What is l(11)?
7
Let x(j) = 19*j - 401. Determine x(20).
-21
Let s(o) = -610*o + 17671. Calculate s(29).
-19
Let t(i) = -63*i - 190. Give t(-6).
188
Let o(z) = -2*z**2 + 30*z - 87. Calculate o(8).
25
Let w(b) = 431*b + 1745. Calculate w(-4).
21
Let g(s) = -1585*s + 15830. Determine g(10).
-20
Let d(w) = -9*w + 691. Give d(78).
-11
Let u(o) = -o**2 + 24*o + 223. Determine u(-7).
6
Let i(c) = 2*c**3 + 13*c**2 + 11*c - 3. Determine i(-5).
17
Let t(x) = 23*x**3 + 6*x**2 + 7*x - 3. What is t(-2)?
-177
Let a(t) = -2*t**2 + 81*t + 413. Give a(46).
-93
Let s(h) = -2*h**3 + 9*h**2 + h - 6. What is s(5)?
-26
Let d(n) = n**3 + 6*n**2 + 29*n + 12. Determine d(-4).
-72
Let q(j) = -4*j**2 - 109*j - 56. Give q(-26).
74
Let c(s) = -14*s + 56. Determine c(4).
0
Let l(u) = -28*u - 2190. Determine l(-76).
-62
Let h(q) = 15*q**3 + 180*q**2 + 3*q + 29. Give h(-12).
-7
Let d(g) = -g**3 + 5*g**2 + 4*g + 96. Give d(7).
26
Let d(k) = 10*k**3 + 19*k**2 - 11*k - 5. Determine d(3).
403
Let b(p) = 29*p - 1408. What is b(48)?
-16
Let w(l) = -l**2 - 1082*l + 4325. Determine w(4).
-19
Let x(k) = -24*k + 611. Calculate x(26).
-13
Let x(d) = 103*d + 973. Give x(-7).
252
Let x(j) = j**3 + 14*j**2 - 51*j - 39. Give x(-16).
265
Let t(u) = -4*u**3 + 6*u**2 - 13*u - 2. What is t(3)?
-95
Let p(t) = t**3 - 19*t**2 - 129*t + 219. Determine p(24).
3
Let m(y) = -506*y + 2107. Give m(5).
-423
Let j(c) = -c**3 - 22*c**2 - 70*c - 215. Give j(-19).
32
Let m(o) = 183*o**2 - 6*o + 10. Give m(2).
730
Let m(o) = 2*o + 116. Calculate m(19).
154
Let u(r) = -8*r**3 - 89*r**2 - 9*r - 8. Give u(-11).
-30
Let o(s) = -15*s**2 + 371*s + 740. Determine o(-2).
-62
Let o(w) = -4*w**2 - 26*w + 54. Determine o(7).
-324
Let i(v) = 2*v**2 + 43*v - 301. Calculate i(9).
248
Let d(z) = 2*z**2 - 9*z + 8. Give d(-7).
169
Let x(n) = 262*n + 59. Calculate x(0).
59
Let t(u) = -3*u**3 - 32*u**2 + 63*u - 10. Calculate t(-12).
-190
Let b(h) = h**3 - 28*h**2 - 128*h + 23. Calculate b(32).
23
Let u(l) = 3*l - 109. Calculate u(-11).
-142
Let g(y) = -y**3 + 14*y**2 - 9*y + 1026. Calculate g(17).
6
Let t(c) = -3*c**2 + 6*c + 10. Calculate t(0).
10
Let c(z) = 118*z + 268. Determine c(-3).
-86
Let m(c) = -75*c**2 + 33*c + 63. Calculate m(-2).
-303
Let u(g) = -203*g**2 + 193*g - 1. Give u(1).
-11
Let i(q) = -31*q + 522. Give i(30).
-408
Let u(n) = -23*n + 139. Determine u(8).
-45
Let u(v) = 143*v**2 + 4291*v + 34. What is u(-30)?
4
Let v(m) = 2*m**2 + 14*m - 161. Give v(-13).
-5
Let o(y) = -27*y + 988. Determine o(38).
-38
Let z(g) = 2*g**3 - g**2 + 16*g - 2. What is z(3)?
91
Let z(q) = -450*q - 4491. Calculate z(-10).
9
Let t(o) = -o**3 - 49*o**2 - 430*o - 18335. Determine t(-48).
1
Let p(k) = -7*k**3 - 103*k**2 - 60*k + 70. Calculate p(-14).
-70
Let s(b) = 129*b - 7. Calculate s(2).
251
Let u(i) = i**3 + 37*i**2 - 587*i + 16. Give u(-49).
-33
Let v(g) = -1000*g + 17006. What is v(17)?
6
Let h(r) = -44*r - 4075. Calculate h(-93).
17
Let l(n) = -3*n**2 + 81*n - 503. Calculate l(7).
-83
Let m(h) = -h - 77. What is m(-40)?
-37
Let k(w) = -1065*w + 2131. Give k(2).
1
Let p(s) = -7*s**2 + 196*s - 53. Give p(29).
-256
Let o(g) = -212*g - 2606. Determine o(-12).
-62
Let k(u) = 10*u**2 + 101*u + 13. What is k(-8)?
-155
Let z(v) = -85*v + 516. What is z(6)?
6
Let f(u) = 95*u + 11604. What is f(-122)?
14
Let d(v) = v**3 - 19*v**2 - 27*v + 34. Give d(20).
-106
Let h(j) = -2*j**2 - 10*j + 7. Determine h(-12).
-161
Let k(u) = 823*u + 41972. Calculate k(-51).
-1
Let x(l) = -69*l**2 + 1303*l - 17. Calculate x(19).
-169
Let a(n) = 57*n + 19. Determine a(-1).
-38
Let u(n) = 3*n**2 - 146*n - 364. What is u(57)?
1061
Let x(w) = w**3 - 42*w**2 + 8*w - 443. What is x(42)?
-107
Let u(p) = -14*p + 714. Calculate u(51).
0
Let o(l) = -195*l + 705. Give o(5).
-270
Let x(t) = t**3 + 19*t**2 - 70*t - 85. Give x(-22).
3
Let p(d) = -76*d - 691. Determine p(-9).
-7
Let i(h) = h**3 + 23*h**2 - 31*h - 54. What is i(-23)?
659
Let r(i) = -2*i**3 + 3*i + 21. Give r(4).
-95
Let j(n) = -5*n**2 - 69*n + 167. What is j(-24)?
-1057
Let f(d) = 13*d**2 - 241*d + 306. Determine f(17).
-34
Let l(c) = -c**3 + 24*c**2 - 69*c - 481. What is l(19)?
13
Let x(m) = -m**3 - m**2 + 4*m + 8. Determine x(4).
-56
Let y(j) = -37*j + 545. Determine y(16).
-47
Let r(u) = -2*u**3 - 166*u**2 - 2*u - 116. Determine r(-83).
50
Let l(i) = 983*i + 8863. Give l(-9).
16
Let q(p) = 4298*p**2 - 12890*p - 10. What is q(3)?
2
Let y(n) = -102*n + 167. Give y(1).
65
Let x(t) = t**2 - 173*t + 2513. Give x(16).
1
Let l(m) = m**2 + 74*m + 941. Give l(-16).
13
Let l(m) = -24*m**2 - 123*m. Calculate l(-5).
15
Let j(s) = s**3 - 71*s**2 + 10. Calculate j(71).
10
Let k(x) = x**3 + 22*x**2 - 62*x - 86. Calculate k(-24).
250
Let n(z) = 668*z - 1346. What is n(2)?
-10
Let p(a) = -25*a + 72. What is p(4)?
-28
Let m(z) = -z**2 - 9*z + 127792. Determine m(353).
6
Let f(x) = -2*x**2 + 193*x - 913. What is f(5)?
2
Let i(p) = p**3 - 4219*p**2 - 4. What is i(0)?
-4
Let y(w) = 62*w + 158. Calculate y(-2).
34
Let r(c) = -11*c**2 + 8*c + 132. Determine r(-7).
-463
Let p(x) = -1254*x - 13788. What is p(-11)?
6
Let z(l) = -7*l + 268. Determine z(39).
-5
Let f(b) = 111*b - 216. What is f(2)?
6
Let r(h) = -3*h**3 - 27*h**2 - 35*h - 125. Give r(-8).
-37
Let b(c) = 19*c**2 - 414*c - 116. What is b(22)?
-28
Let u(j) = j**3 + 9*j**2 + 161*j + 1011. Calculate u(-7).
-18
Let b(c) = c**2 - 836*c - 2516. Give b(-3).
1
Let h(p) = -p**3 + 14*p**2 + p + 62. Give h(14).
76
Let v(i) = -i**3 + 8*i**2 - 10*i + 77. Calculate v(8).
-3
Let g(n) = -46*n + 743. Determine g(16).
7
Let j(x) = x**3 + 23*x**2 - 24*x - 37. What is j(-24)?
-37
Let k(o) = 7*o**3 + 11*o**2 - 3*o + 3. Give k(3).
282
Let r(y) = 4*y**2 - 96. Calculate r(-5).
4
Let a(k) = -31*k - 162. Give a(-18).
396
Let g(f) = f**2 + 36*f - 203. Determine g(-44).
149
Let r(p) = 14*p**2 + 21*p + 12. Determine r(-1).
5
Let r(w) = 365*w - 4312. What is r(12)?
68
Let x(l) = l**3 + 